of ((-14)/s)/(1/(-26))?
13
Let p(w) = 2*w**3 + 4*w**2 + 3*w**3 + 1 - 6*w**3 - w. Let b be p(2). Let h = b + -2. List the prime factors of h.
5
Let p(b) = -17*b + 13. Let x(i) = 4*i - 3. Let j(d) = 6*p(d) + 26*x(d). Suppose -c = -2, 0 = -7*k + 3*k - 3*c + 18. List the prime factors of j(k).
2, 3
Let p(b) = 6*b**2 + 2*b - 1. Let l be p(-2). Suppose -2 + 162 = 5*t. Let o = t - l. What are the prime factors of o?
13
Let u = 9 + -1. Let s = u + -3. List the prime factors of 2/5 - (-58)/s.
2, 3
Let x = 14 - -37. List the prime factors of x.
3, 17
Suppose -5*w = -n - 11, w - 7 = -3*n + 8. Suppose 2*d - w*q - 40 = q, 5*d = -4*q + 114. List the prime factors of d.
2, 11
Let r(q) = -2*q + 1. Let o be r(-2). Suppose -7 = -o*z + 58. What are the prime factors of z?
13
Let j(w) = 3*w - 11. Let g be j(5). Suppose -g*n + 195 = n. What are the prime factors of n?
3, 13
What are the prime factors of 294/4 - 5/(-10)?
2, 37
Suppose -g - 60 = -4*g. Let j = -16 + g. What are the prime factors of j?
2
Let z = -259 - -446. What are the prime factors of z?
11, 17
Let u(v) = -v**3 - v - 1. Let s(y) be the third derivative of -y**5/5 - 7*y**4/12 - 8*y**3/3 - y**2. Let m(t) = -s(t) + u(t). List the prime factors of m(13).
3, 5
Let w be (4 - 1)/(-3 - -2). What are the prime factors of 5/((-5)/(-9)) - w?
2, 3
Suppose 0 = -4*n - 3*c + 2*c - 3, 0 = 5*n + 4*c + 12. Suppose -70 = -2*s + 3*m, 2*m - 194 = -5*s - n*m. What are the prime factors of s?
2, 19
Suppose 0 = 4*m - 5*m + 22. List the prime factors of m.
2, 11
Let t = 122 + -15. List the prime factors of t.
107
Suppose -4*x = c + 26 - 108, 364 = 4*c + 4*x. List the prime factors of c.
2, 47
Suppose 3*x + 411 = 3*l - 0*l, -2*l + x + 270 = 0. What are the prime factors of l?
7, 19
Let u = -16 + 45. List the prime factors of u.
29
Let v be 2/(-3)*(-11 - 1). Suppose -90 = -4*q - q. Let d = q - v. List the prime factors of d.
2, 5
Suppose 5*h - 3*r + r = -6, -2*h = 2*r - 6. Suppose 0 = -y - 3*d - 7 - 23, -4*y - 4*d - 80 = h. What are the prime factors of (24/y)/2*-5?
2
Suppose 5*l - 3*d = -25, -2*d + d - 3 = 4*l. Suppose c + 2*y = -3*c + 12, 4*c - 22 = 3*y. List the prime factors of (l/4)/((-1)/c).
2
Suppose 19*c - 14*c - 140 = 0. List the prime factors of c.
2, 7
Let b = -7 - -17. Let l(f) = 2 - 5 + f**2 + 1 - 4*f - 5*f. List the prime factors of l(b).
2
Let y = 118 + -68. What are the prime factors of y?
2, 5
Suppose -250 = 5*z + 3*p - 696, -4*p + 360 = 4*z. What are the prime factors of z?
2, 11
Let g = 5 - 0. Suppose -g*w + 4*f = f - 56, 0 = 2*w - 2*f - 24. What are the prime factors of w/(-4)*(3 + -5)?
5
Let k(w) = -19*w**3 - 2*w - 1. Suppose 5*p + 14 = 2*j - j, -j + 8 = -3*p. List the prime factors of k(j).
2, 5
Suppose -5*d - 26 = -5*f - 11, f = -4*d - 2. Suppose k + 16 = 3*s, -6 = -f*s - 0*s - 4*k. List the prime factors of s.
5
Suppose -2*g + 2 + 14 = 0. Suppose g*k = 9*k - 31. What are the prime factors of k?
31
Suppose -5*j - 3*c = -571 + 189, 3*j = c + 232. What are the prime factors of j?
7, 11
Let o(w) = 2*w**3 - 7*w**2 + 6*w - 6. List the prime factors of o(4).
2, 17
Let x(a) be the first derivative of -3*a**4/2 - a**3/3 - 3*a**2/2 + 1. List the prime factors of x(-2).
2, 5
Let h(l) = l**2 - 7*l - 8. List the prime factors of h(10).
2, 11
Let m = 2 - 2. Suppose m*v = -v + 13. List the prime factors of v.
13
Let x(h) = 2*h**2 + 6*h - 16. List the prime factors of x(-6).
2, 5
Let s(h) = 2*h - 2. Let n be s(-4). Let m(t) = 5*t + 27. Let u be m(-6). What are the prime factors of -5*(u - 24/n)?
3
Suppose -241 = -2*h - 37. Suppose -8 = -5*c + h. List the prime factors of c.
2, 11
Suppose l = -3*p + 422 + 11, p - 141 = -2*l. List the prime factors of p.
5, 29
Suppose -5 = -3*g - 35. Let b = 15 - g. List the prime factors of b.
5
Let j = 71 - 36. Let m = j + -23. What are the prime factors of m?
2, 3
Suppose -26 = 3*m + 5*i, -5*i = 6 + 14. List the prime factors of 2 - (2*-1 - m).
2
Suppose 8 = 3*y - 1. What are the prime factors of y?
3
Let o(r) = r**3 + r + 56. Let j be o(0). Suppose 3*p = 4*a - p - j, -22 = -3*a - p. What are the prime factors of a?
3
Let x be (-1)/(-1*1/3). Suppose 96 = 5*l + 2*k - 4*k, 3*l = -x*k + 66. List the prime factors of l.
2, 5
Suppose 5*m = 5*z - 5 + 25, -5*m = 2*z - 55. Suppose 0*c + 90 = 5*c. Let u = c - m. List the prime factors of u.
3
Suppose -3*y = -165 - 216. What are the prime factors of y?
127
Suppose -2*d = 2*c - 86, 2*d + 2*c = -3*c + 101. List the prime factors of d.
2, 19
Let x(v) be the first derivative of -v**4/2 - 4*v**3/3 + 3*v**2/2 - 4*v - 5. List the prime factors of x(-4).
2, 3
Suppose 0*i - 3*i - 54 = 0. Let u = i + 39. What are the prime factors of u?
3, 7
Let k(m) = -34*m + 8. What are the prime factors of k(-1)?
2, 3, 7
Let k = 6 - 3. Let a(i) = 0*i - i - i**2 + 3*i - 1 - 2*i**k. What are the prime factors of a(-2)?
7
Let j = -78 + 36. Let m = j + 70. What are the prime factors of m?
2, 7
Let s(v) = 13*v + 2. Let o be s(-3). Let k = o - -63. What are the prime factors of 2*(-3)/(-12)*k?
13
Suppose 3*y - 11 = 2*y + 4*a, -3*a - 6 = 0. Suppose 1 + 38 = y*b. List the prime factors of b.
13
Suppose -25*n + 22*n = -42. List the prime factors of n.
2, 7
Let m = 13 + -8. Suppose 5 = 2*h - m. List the prime factors of h.
5
Let i(x) = -7*x + 4. Let s be i(6). Let j = s + 55. Suppose -p + 11 = 2*k + k, -4*k + p = -j. What are the prime factors of k?
2
Let g be 49/6 + 3/(-18). What are the prime factors of (-84)/(-10) + g/(-20)?
2
Suppose x + z - 5 = 0, 0*z + 5*z = 5*x + 5. Suppose 4*f = -5*h - 34, 2*f + 26 = -2*h - x*h. Let j = h + 15. List the prime factors of j.
3
Suppose 0 = o - 19 - 18. List the prime factors of o.
37
Suppose -2*w = 3*w - 15. Suppose -3*p + 30 = w. List the prime factors of p.
3
List the prime factors of (-10)/4*816/(-60).
2, 17
What are the prime factors of (246/(-2))/((-18)/30)?
5, 41
Let g = 44 + -29. What are the prime factors of g?
3, 5
Let z(l) = 2*l**2 - l**3 + 2 + 11*l**2 - 3*l**2 - 1 + 12*l. List the prime factors of z(11).
2, 3
Let s = -6 - -7. Let z be 2 - s*(0 + -3). Suppose -z*o = -o - 28. List the prime factors of o.
7
Suppose 6*w = 3*w + 18. List the prime factors of w.
2, 3
Let t be 2*6/(-16)*-4. Suppose -t*g = g - 20. What are the prime factors of g?
5
Suppose u = -u + 30. Suppose d - 2 = u. Suppose -4*q - 76 = -4*k, -d = -k - 4*q - 3. What are the prime factors of k?
2, 3
Suppose -4*m - 76 = -2*x, x + 24 = -m - x. Suppose 84 = 3*f - 3*d, -4*f - 5*d + 56 = -2*f. Let h = f + m. List the prime factors of h.
2
Let r = 1 + 4. Let x(m) = -m**3 - 4*m**2 + 2*m - 6. Let p be x(-5). Suppose -h + p = -r*y, y = h - 0 - 5. List the prime factors of h.
2
Let m(f) = f + 15. Let o be m(0). Suppose 9 = -3*d, -3*d = 5*u - o - 96. What are the prime factors of u?
2, 3
Suppose 0*z + 5*z = -20. List the prime factors of (3 + z)*6/(-2).
3
Let i = 1 + 3. Let y = i - -8. What are the prime factors of y?
2, 3
Let x(q) = 19*q**2 - 4*q. List the prime factors of x(2).
2, 17
Suppose -b = -2*k + k + 111, -5*k = -4*b - 558. List the prime factors of k.
2, 3, 19
Suppose -4*d - x - 16 = -6*x, -4*d + x = 0. Let k be 2/d + 1 + -1. List the prime factors of (6/3)/(1/k).
2
Let n = -6 + 8. Suppose 2*v + 4 = n*m, 2*v = -0*v + 10. What are the prime factors of m?
7
Let n(a) = -2 - 3 + 5*a**2 - a**3 - 4*a + 7*a. What are the prime factors of n(5)?
2, 5
Suppose -5*l - 16 - 84 = 0. List the prime factors of ((-168)/l)/(6/20).
2, 7
Let y be (3 - 2)*-1 - -1. Suppose y = -2*q - 2*q. Suppose -u + 38 = 5*c, u + q*u = 3. List the prime factors of c.
7
Let h be 9*1*1/3. Suppose -4*n - 1 = -h*n. Let q = 8 - n. List the prime factors of q.
3
Let v be (0 - 2)*3/(-2). What are the prime factors of ((-13)/(-1))/(v - 2)?
13
Let t(f) be the third derivative of f**4/24 + 3*f**3/2 + f**2. Let i be t(-12). What are the prime factors of (-2)/(-3) - 34/i?
2, 3
Let v(n) = 2*n. Let p be v(-2). Let s = -4 - -4. Let h = s - p. List the prime factors of h.
2
Let u be 7/2*-1*-14. Suppose 4*i - u = 27. List the prime factors of i.
19
Suppose 5*u + 5 = -0. Let h be u/((-6)/4 + 1). Let m = 2 + h. List the prime factors of m.
2
Let l(g) = 7*g**2 - 3*g + 1. Suppose 2*k - 5 = -1. What are the prime factors of l(k)?
23
Suppose 3*o + 121 = 22. Let l = -17 - o. List the prime factors of l.
2
List the prime 